hen 242 is divided by b(2)?
12
Let o = -540 + 780. Calculate the remainder when o is divided by 49.
44
Suppose -551 = -4*x - 379. What is the remainder when 155 is divided by x?
26
Let g be 4/(3/108*3). Let d = 67 - g. Let m = d + 5. What is the remainder when m is divided by 13?
11
Let z = 62 - 42. Let x = z - 1. What is the remainder when 93 is divided by x?
17
Let l(h) = -47*h - 413. What is the remainder when l(-14) is divided by 18?
11
What is the remainder when 104 is divided by ((-16)/10)/(12/(-90)) - -3?
14
What is the remainder when 36 is divided by 1/(162/(-24) - -7)?
0
Let a be 30/(-4)*84/(-63). Suppose 12*f = a*f + 6. Calculate the remainder when 3 is divided by f.
0
Let l be (-8)/(-28) + (-9)/7. Let f be 440/16 + l/2. Suppose 3*t - f - 33 = 0. What is the remainder when t is divided by 8?
4
Let v(y) = y**2 - 14*y - 11. Let b be v(16). Suppose 2*k - 1 = b. What is the remainder when 32 is divided by k?
10
Let l(d) = -d**2 - 12*d - 5. Let u = -12 - -3. Calculate the remainder when l(u) is divided by 5.
2
Let g(x) be the third derivative of -x**5/60 - 7*x**4/24 - x**3 + 27*x**2 + 2. Calculate the remainder when 9 is divided by g(-4).
3
Let t(v) = -13*v + 9*v + 3 + 2*v + 7*v**2. Calculate the remainder when t(3) is divided by 13.
8
Let f(o) = 2*o**2 + 123*o - 1194. Calculate the remainder when f(9) is divided by (-2)/8 + 210/8.
23
Suppose -17*l + 17 = -16*l. What is the remainder when 202 is divided by l?
15
Suppose -2*g - 10 = 0, -44 - 1 = -4*w + g. Calculate the remainder when 66 is divided by w.
6
Suppose 103*d - 104*d - 335 = -5*r, 2*r - d - 137 = 0. Calculate the remainder when 1847 is divided by r.
65
Suppose -5*u - 584 = -13*u. What is the remainder when u is divided by 37?
36
Let f be -3 + 2 - -1*5. Suppose 0 = f*y - 0*y - 232. Calculate the remainder when y is divided by (-1 + (-8 - -13))*5.
18
Suppose -43 = -k + 5*t - 3, -5*t = 3*k - 80. Calculate the remainder when k is divided by 18.
12
Suppose 0*t - 8*t + 32 = 0. Suppose 0 = 4*a + t*y - 100, 4*a - y - 4*y = 82. What is the remainder when 159 is divided by a?
21
Let y = 24 - 29. What is the remainder when 19 is divided by 2 + y*(0 - 1)?
5
Suppose -5*s + 3*s = 56. Let z be 4/14 + (-132)/s. Suppose -2*g = -t + 11, 0*t - z*t - 2*g = -43. Calculate the remainder when 26 is divided by t.
8
Suppose -n - q + 28 = 0, -q = 4*n - 60 - 55. Suppose -10 - 2 = 4*p. Calculate the remainder when n is divided by 7 - 1 - (-1 - (6 + p)).
9
Suppose -45 = -3*h - 4*y, -6*h + h + y + 98 = 0. What is the remainder when 84 is divided by h?
8
Let y = -25 - -47. Let g(q) = -11*q - 2. Calculate the remainder when g(-4) is divided by y.
20
Let k(d) = 14 - d + 6 + 3*d**2 - 8. What is the remainder when 40 is divided by k(0)?
4
Let s(p) = 6*p**2 - 3*p - 4. What is the remainder when s(-2) is divided by 7?
5
Let w = 13 - -152. Suppose -4*j + 255 + w = 0. Calculate the remainder when j is divided by 36.
33
Let z(x) = 3*x - 44*x**3 + 6*x**3 + 2*x**2 + 2*x - 4*x. Let m(k) = k**3 + 2*k**2 - 3*k - 1. Let i be m(-3). Calculate the remainder when z(i) is divided by 10.
9
Let d = 48 + -37. Suppose -h = p - 27, -h - 4*h + 135 = 2*p. Calculate the remainder when h is divided by (-16)/88 + 156/d.
13
Calculate the remainder when (-7194)/(-54) + 3*(-6)/81 is divided by 28.
21
Let n = -93 + 114. Calculate the remainder when 68 is divided by n.
5
Suppose 0*j - 20 = -4*j. Suppose -2*d + 13 + j = 0. Calculate the remainder when 35 is divided by d.
8
Suppose -2*a = 3*g - 111, -39*g = 5*a - 34*g - 275. Calculate the remainder when 161 is divided by a.
53
Let r be (-4)/3 + (-8)/12. Let t be ((-16)/(-24))/(r/(-87)). Suppose 2*q = -2*l + q + t, 3*l - 33 = 2*q. Calculate the remainder when 50 is divided by l.
11
Let l(k) = 9*k**2 + 14*k + 67. What is the remainder when l(-4) is divided by 53?
49
Let p = -173 - -1178. Calculate the remainder when p is divided by 14.
11
Suppose -d - 5*s - 17 = -10*s, -4*d + 4*s = 20. What is the remainder when (-216)/96 - (-133)/4 is divided by (44/6)/(d/(-3))?
9
Suppose 6 + 46 = z. Let t = z - 39. Calculate the remainder when t is divided by 7.
6
Let g(z) = -6*z**2 - 4*z**2 - z**3 - 19*z + 8 + 9*z. Suppose -3*b + 0*b = -201. Calculate the remainder when b is divided by g(-9).
16
Suppose 2*i = -2*i - 96. Let j = i - -59. Suppose 0 = 4*s + r - 98, s - r - 4*r = j. Calculate the remainder when s is divided by 14.
11
Let i(w) be the second derivative of 7*w**4/12 + 2*w**3 + w**2/2 - 23*w. Calculate the remainder when i(-3) is divided by 10.
8
Suppose -a + 40 = 3*a. Suppose a*w - 14*w + 116 = 0. What is the remainder when 84 is divided by w?
26
Suppose 3*a - 106 = -5*w, -2*w = a + a - 68. Calculate the remainder when a is divided by 10 - (7 - 13 - -6).
2
Let y = 3 - 4. Let j = 135 + -140. Calculate the remainder when 8 is divided by (-3 - j - y) + 0.
2
Let r(n) = -6*n + 1. Let z be r(-4). Suppose z = 5*d, -26 = -4*q + 3*d + 51. Suppose 3*c - q = 22. Calculate the remainder when 57 is divided by c.
12
Suppose 11*z - 23*z + 216 = 0. Suppose -7*h - 11 = -z*h. What is the remainder when 6 is divided by h?
0
Suppose -88 - 8 = -3*p. What is the remainder when p is divided by 348/20 - 2/5?
15
Suppose -l = 5*n - 6, -3*l + 2*n + 31 = -72. Calculate the remainder when 152 is divided by l.
28
Let r = -2 - -6. Let a(d) = 4*d**2 + 12*d + 21. What is the remainder when a(-2) is divided by r?
1
Suppose -5*j - 92 = 153. Let y be (-2)/(-8) + j/4. Let m = y - -17. What is the remainder when 14 is divided by m?
4
Let y(i) = -12*i + 6. Let m be y(-15). What is the remainder when (16/(-48))/((-2)/m) is divided by 9?
4
Let k(r) = -r**3 + 18*r**2 - 17*r + 8. Let j(g) = 2*g**2 - 6*g - 3. Let o be j(5). Suppose -4*d + 0*d = -116. What is the remainder when d is divided by k(o)?
5
Let s(i) = 8*i - 11. What is the remainder when s(5) is divided by 13?
3
Let n(v) = -v**3 + 3*v**2 - v + 6. Let h be n(5). Let s be (-1)/(-4) - h/(-4). What is the remainder when 75 is divided by (-152)/(-6) - s/18?
23
Suppose -5*y + 6*r + 250 = r, -3*r = 5*y - 226. Calculate the remainder when y is divided by 16.
15
Let l(o) = 3*o**2 - 4*o - 35. Calculate the remainder when 518 is divided by l(-4).
25
Let v(g) = -3*g - 11. Let x be v(-5). Suppose 3*l + 56 = -x*l. What is the remainder when ((-36)/l)/3*66 is divided by 25?
24
Let g(m) = -11*m**3 + m**2 + m + 1. Suppose 18*v - 78 = 12*v. Suppose -11*c = -v*c + 44. Calculate the remainder when c is divided by g(-1).
10
Suppose -4*x + 5 + 11 = 0. Suppose -2*h + x = -10. What is the remainder when h is divided by 4 - (5 + -1 + -4)?
3
Let s(g) = g**3 + 2*g**2 + 10*g + 6. Suppose 0 = 4*k - 5*v - 18, -v = -4*k + 2*v + 22. Let i = k - 3. Calculate the remainder when s(0) is divided by i.
2
Suppose 0 = 3*f - 3*x - 75, -3*f + 3*x + 123 = 2*f. What is the remainder when f/(7/(-2) - -4) is divided by 7?
6
Suppose 264 = -2*c + 68. Let k = c - -107. What is the remainder when k is divided by 1?
0
Let a = 5 + -1. Let s be (-66)/(-4) + a/8. Suppose 4*q = x + 35, -2*q - 1 = -2*x - s. What is the remainder when 26 is divided by q?
8
Suppose 3*b + f = -4*f + 1, 0 = -2*b - f - 4. Suppose -5*c + 4*z + 371 = 0, 5*c = -2*z - 17 + 364. Calculate the remainder when 70 is divided by c/3 - 1/b.
22
Let p = 397 - 237. What is the remainder when p is divided by 28?
20
Let j(r) = -44*r + 1. Let w be j(-1). Suppose -5*u = 4*t - 2*t - w, -1 = 2*u - 3*t. Calculate the remainder when 23 is divided by u.
2
Let c = -1 - -4. Suppose c*g = 7*g - 172. What is the remainder when g is divided by 11?
10
Let f(n) = -73*n + 2. Let c be f(1). Let k = c + 43. Let r = k - -92. Calculate the remainder when r is divided by 22.
20
Let w = 82 + -56. Let d = 61 - 49. Calculate the remainder when w is divided by d.
2
Suppose 3*i = 156 - 24. Suppose 2*b + 61 = s, 5*s = 5*b + 87 + 238. Suppose 8*p = 5*p + s. What is the remainder when i is divided by p?
21
Let j = -13 - -15. Suppose 4*b - j*b - 10 = 0. Suppose 0 = -2*h - b*r + 23, -3 = -4*r + 1. What is the remainder when h is divided by 4?
1
Let l = -122 - -408. Suppose 0 = 3*p - p - l. Suppose -5*x = -3*h + 113, 2*x = -4*h + 8*h - 146. Calculate the remainder when p is divided by h.
35
Suppose -4*r + a + 17 = 0, -12 - 3 = -4*r - a. Suppose -r*k + l + 52 = 2*l, -5*k - l = -66. Calculate the remain